 the tens digit of m?
1
What is the tens digit of (-496650)/(-325) + (4 - 54/13)?
2
Let k(c) = -c**3 - 7*c**2 - 12*c - 6. Let r be k(-5). Suppose -g + r*b = 7, 2*g = 7*g + 2*b - 75. What is the tens digit of g?
1
Suppose -a + 0*f = 2*f + 417, 405 = -a + 4*f. Let d = a - -729. What is the tens digit of d?
1
Let s be ((-4)/6)/(19/171). What is the tens digit of 56/12*(0 - s)?
2
Suppose -20*x = 3*s - 18*x - 917, -x = -1. What is the hundreds digit of s?
3
Suppose 3*r = 12*y - 13188, 3*y - 2517 = -5*r + 780. What is the units digit of y?
9
Let p(q) = -q**3 + 9*q**2 + 8*q - 9. Let k = 72 + -65. What is the units digit of p(k)?
5
Let u(t) = -3*t**2 + 13*t + 6. Let a be u(5). Let d(x) be the second derivative of x**5/20 + 7*x**4/12 + 2*x**3/3 - x**2 - 2*x. What is the units digit of d(a)?
0
Let a = 2775 - 240. What is the tens digit of a?
3
Suppose 5*y + 3*u - 30 = -6, 5*y - 34 = 2*u. Let v(a) = -a**2 - 7 + 2*a**2 - 3*a + 0*a**2. What is the tens digit of v(y)?
1
Suppose s = -2*j - s + 4, -5*j + 4*s = -28. Suppose j = -w - 0, -w = -4*g + 20. Suppose -r - 9 = -2*h, -g*h + 8*h - 30 = -2*r. What is the units digit of h?
6
Let k(w) = -w**3 - 6*w**2 - 2*w + 22. Let z be k(-6). Suppose -3*n + z = -80. What is the tens digit of n?
3
Suppose 3*z - 37 = -5*o + 44, 2*z - 49 = -3*o. Suppose 5*c + 0*c - o = 0. Suppose 29 = c*n + 11. What is the units digit of n?
6
Let v(x) = 56*x + 589. What is the units digit of v(7)?
1
Let j(c) be the second derivative of c**5/20 + 4*c**4/3 + 7*c**3/3 + 9*c**2 + c. What is the units digit of j(-15)?
3
Let o be 0 + (0 + 1 - 0). Let p = 6 - o. Suppose p*t = -15, 4*j - 83 = 2*t + 7. What is the tens digit of j?
2
Let d(h) = h**3 - 5*h**2 - 2*h + 5. Let q be d(5). Let i(n) = 9 - 3 + 3*n - 4*n. What is the tens digit of i(q)?
1
Suppose -10*j + 29701 = -32149. What is the hundreds digit of j?
1
Suppose f - s + 5 = -0*s, 0 = 5*f + 3*s + 1. Let i(p) be the first derivative of -21*p**2/2 - 2*p - 7. What is the tens digit of i(f)?
4
Suppose 3*h = -k + 3, 0 = 5*h - 3*k - 0*k + 9. Let n = 104 - h. What is the hundreds digit of n?
1
Let l(g) = 5*g + g**2 + 3*g - 6 + 7 + 11. Let p be l(-7). Suppose p*m = m + 52. What is the tens digit of m?
1
Suppose -5*k + 3549 = 3*j - 8*k, k + 4723 = 4*j. What is the tens digit of j?
8
Let s(c) = 21*c - 5. Suppose 2*g - 4 = -2*x, -g = -4*x - 2*g + 11. What is the tens digit of s(x)?
5
Let s = 568 - 326. What is the units digit of s?
2
Let t(w) = -w**3 + 5*w**2 + w - 5. Let k be t(5). Suppose -5*h - 3*p + 198 = -h, k = -p + 2. What is the units digit of h?
8
Let t(l) = -2*l**3 - 10*l**2 + 18*l + 118. What is the thousands digit of t(-12)?
1
Let v = 2 + -4. Let p be v/(-2*2/(-1304)). What is the tens digit of (-4)/14 + p/(-28)?
2
Let d = 9248 - 6497. What is the hundreds digit of d?
7
Suppose -4*a + 81 = 5*a. Suppose -740 = -q - a*q. What is the units digit of q?
4
What is the units digit of 1/((2 - -1)/(-3))*-60?
0
Suppose 36 = -0*k + 3*k. Let s = k - 8. Suppose s*x = -49 + 161. What is the units digit of x?
8
Let t = 3553 - 1487. What is the hundreds digit of t?
0
What is the hundreds digit of (-15)/(-180)*17193 - (-1)/4?
4
Let l(f) = -20*f - 6. Suppose -12 + 48 = -4*o. What is the hundreds digit of l(o)?
1
Let s(x) = 3*x**2 - 36*x + 174. What is the thousands digit of s(-19)?
1
Let r = 9 + -7. Suppose -r*b = l + 2*l + 2, -3*b = 4*l + 2. Suppose b*n - 24 = -3*w, 4*w + 3*n - 4*n - 43 = 0. What is the tens digit of w?
1
Let l(n) = 3*n**2 - 19*n - 11. What is the hundreds digit of l(19)?
7
Suppose 10 = 5*g - 10. Suppose h - g*a - 57 = -0*h, 4*h - 3*a - 202 = 0. What is the tens digit of h?
4
Let g = 1523 - 792. What is the tens digit of g?
3
What is the thousands digit of (-8490)/(-3)*((-30)/(-5))/12?
1
Let s(b) = b + 6. Suppose 0 = -2*m - 1 + 21. Let j be s(m). Suppose p + 2*g = -0*p + 2, -4*g = j. What is the tens digit of p?
1
Let r(i) = -i**2 - 10*i + 2. Suppose c + 3*q + 0 = 15, -2*q = -4*c - 10. Suppose c = 3*y - 2*l + 16, 0*y - 40 = 4*y + 2*l. What is the tens digit of r(y)?
1
Let q = 0 - -8. Suppose -4*o = -k - 79 - q, -2*o + 5*k + 57 = 0. Suppose o - 5 = m. What is the units digit of m?
6
Let p = 1 - -646. What is the tens digit of p?
4
Suppose -21 = t - 3*c, -4*t - 2*c - 34 = -6. Let v be 78/t*12/(-4). Let g = -12 + v. What is the units digit of g?
4
Suppose 5*g - 2*u - 20 = 0, 4*g + 2*u - 28 = 6*u. Suppose -3*d - 2 = d + g*h, -5*h = -5. Let t(r) = 26*r**2. What is the tens digit of t(d)?
2
Let k(o) = -o**3 + o**2 - o + 51. Let t be k(0). Suppose -2*a + 9 - 5 = 0. Suppose t - 5 = 3*i + a*v, 3*i + 5*v = 34. What is the tens digit of i?
1
Let d be -5*((-12)/5 + 2). What is the units digit of 384/10 - d/5?
8
Let r(b) = 11*b**3 + 6*b**2 - 7*b + 1. Let n(l) = l - 11. Let f be n(13). What is the units digit of r(f)?
9
Let x(p) = -p**2 + 35*p - 5. Let f be x(9). Suppose -4*a + 2*a = -5*o - f, 3*o - 109 = -a. What is the units digit of a?
2
Suppose -2*x + 2056 = 2*h, -h + 2*h = 3*x - 3096. What is the hundreds digit of x?
0
Suppose 0 = -20*o + 31*o - 484. What is the units digit of o?
4
Suppose 0 = -2*r + 4 + 2. What is the tens digit of -1*r/((-9)/168)?
5
Suppose -22*v = -12*v + 10. What is the hundreds digit of (2 - -115) + (2 + 0)*v?
1
Let t(u) = 115*u - 11. What is the hundreds digit of t(3)?
3
Let q(s) = -19*s**3 + 4*s**2 + 6*s + 2. Let b be q(-2). Suppose 4*o + b = 5*v, -3*v + 96 = -o - o. What is the units digit of v?
4
Let j = -977 + 886. Suppose 2*b - 18 + 50 = 0. Let d = b - j. What is the tens digit of d?
7
Let r be (-9542)/65 + 8/10. What is the units digit of 2 + (-3)/3 - r?
7
Suppose x - 1060 = -3*m, -m - 323 = -x + 725. What is the hundreds digit of x?
0
Let v be (6/4)/(12/16). Suppose p + 2*y - 85 = -v*y, -4*y - 134 = -2*p. What is the units digit of p?
3
Suppose -3*c = -6, 0 = -2*p + 5*p + 4*c + 16. What is the tens digit of 2/(-88)*p - 361/(-11)?
3
What is the thousands digit of (5528/6)/(8/24) - 7?
2
Suppose -3*s + 4*v = -1346, -2*s = 2*s + 2*v - 1824. What is the hundreds digit of s?
4
Let r = 21 - 18. Suppose 7*s - 405 = 2*s - 3*y, 2*s - r*y - 141 = 0. What is the tens digit of s?
7
Suppose 0 = s + 3*s - 12. Suppose 5*f = -5*c - 80, -f + s*f + 2 = 0. Let d = -9 - c. What is the units digit of d?
6
Suppose 4*a - 18 = 2*a. Let d be -2*((-9)/15)/((-4)/(-10)). Suppose -d*x + 2*c + 30 = a, 3*c - 45 = -4*x. What is the units digit of x?
9
Let j = -5 - -5. Suppose j = -u - 3*u - 12. Let r(i) = -i**3 + 3*i + 1. What is the tens digit of r(u)?
1
Let j = 39 - 70. Let f = -20 - j. What is the units digit of f?
1
Let q(o) = -o + 11. Let v be q(9). Suppose -82 + 26 = 2*i - v*w, -4*i + 5*w - 108 = 0. What is the units digit of i/(-40)*(-150)/(-4)?
0
Suppose 0 = -4*p + 18 + 34. Let c(r) = 0 + r**3 - 14*r + 13*r**2 - 5*r**2 - p. What is the units digit of c(-9)?
2
Let t be (-1)/4 + 5/20. Suppose -2*r - 4 = t, 0*f = f + r - 44. What is the tens digit of f?
4
Let n be -4 - (0 + 4 + -3). Let j = 0 - n. Suppose -1 = -z + j*s, -3*z = z + s - 46. What is the tens digit of z?
1
Let a be (-14)/6 + (-6)/(-18). Let k be 150/(-35) - (-4)/(-42)*-3. What is the units digit of a - (-3 - k)*-7?
5
Let k(o) = 17*o**2 - 4*o - 4. What is the thousands digit of k(10)?
1
Suppose -6*u + 90 = 3*q - 4*u, 19 = q - 3*u. Suppose -1264 = -q*h + 20*h. What is the tens digit of h?
5
Suppose 5*c - 3400 = -5*t, -5*t + 3753 = -2*c + 381. What is the tens digit of t?
7
Let i = -2 + 41. Let x = 22 + i. What is the tens digit of x?
6
Suppose -24 = -2*f - 62. Let y = f + 44. What is the units digit of y?
5
Let f(k) = 52 - 2*k + 4*k**3 - 53 - 5*k**3. Let w be f(-1). Suppose -64 = -w*s - 2*s. What is the units digit of s?
6
Let d = -1510 + 2968. What is the thousands digit of d?
1
Let k = -13 + 13. Let g(f) = f - 1 + f + k - f. What is the units digit of g(4)?
3
Suppose -5*y - 4*u + 195 = -2*u, 2*u = 5*y - 215. Let i = 93 + y. What is the units digit of i?
4
Let x(b) = 842*b**2 + 2*b - 2. What is the hundreds digit of x(1)?
8
Let n(k) = 6*k**2 - k - 5. Let b be n(4). Let x = b - 21. What is the units digit of x?
6
Let y(o) = o**2 - 2*o - 15. Let u be y(-3). Let p(v) = -v**2 + 4*v + 44. What is the tens digit of p(u)?
4
Suppose 4*c = -5*f - c - 15, -3*c - 9 = f. Suppose -11*v + 16*v - 40 = f. Suppose -4 = x - 2*x - t, t = x - v. What i